{"id":320,"date":"2023-08-09T18:15:24","date_gmt":"2023-08-09T18:15:24","guid":{"rendered":"https:\/\/asociaciondeprofesionalesacademicos.org\/?page_id=320"},"modified":"2023-10-30T21:28:13","modified_gmt":"2023-10-30T21:28:13","slug":"academia-virtual","status":"publish","type":"page","link":"https:\/\/asociaciondeprofesionalesacademicos.org\/index.php\/academia-virtual\/","title":{"rendered":"Academia Virtual"},"content":{"rendered":"<p>[et_pb_section fb_built=&#8221;1&#8243; admin_label=&#8221;Header&#8221; _builder_version=&#8221;4.21.2&#8243; _module_preset=&#8221;default&#8221; background_color=&#8221;#4449E0&#8243; custom_padding=&#8221;||0px||false|false&#8221; collapsed=&#8221;on&#8221; global_colors_info=&#8221;{}&#8221;][et_pb_row _builder_version=&#8221;4.19.2&#8243; _module_preset=&#8221;default&#8221; max_width=&#8221;700px&#8221; global_colors_info=&#8221;{}&#8221;][et_pb_column type=&#8221;4_4&#8243; _builder_version=&#8221;4.19.2&#8243; _module_preset=&#8221;default&#8221; global_colors_info=&#8221;{}&#8221;][et_pb_text _builder_version=&#8221;4.21.2&#8243; _module_preset=&#8221;c839c2d8-17c4-4cbb-bb02-a14b2a2b8b26&#8243; text_font_size=&#8221;8px&#8221; header_text_color=&#8221;#FFFFFF&#8221; text_orientation=&#8221;center&#8221; global_colors_info=&#8221;{}&#8221;]<\/p>\n<h1>Academia Virtual<\/h1>\n<p>[\/et_pb_text][et_pb_text _builder_version=&#8221;4.22.0&#8243; _module_preset=&#8221;09fab0f4-4001-4a20-bc31-8d4ea5a9dd51&#8243; text_text_color=&#8221;rgba(255,255,255,0.7)&#8221; text_orientation=&#8221;center&#8221; global_colors_info=&#8221;{}&#8221;]<\/p>\n<p>Un espacio donde podr\u00e1s inscribirte y recibir desde nuestros salones virtuales conferencias, debates, cursos de preparaci\u00f3n de privado y otras actividades organizadas por nuestra ASOCIACION DE PROFESIONALES ACADEMICOS -APA-<\/p>\n<p>[\/et_pb_text][\/et_pb_column][\/et_pb_row][\/et_pb_section][et_pb_section fb_built=&#8221;1&#8243; admin_label=&#8221;Courses&#8221; _builder_version=&#8221;4.21.2&#8243; _module_preset=&#8221;default&#8221; background_color=&#8221;#F8FAFB&#8221; use_background_color_gradient=&#8221;on&#8221; background_color_gradient_stops=&#8221;#4449e0 20%|#f8fafb 20%&#8221; locked=&#8221;off&#8221; collapsed=&#8221;on&#8221; global_colors_info=&#8221;{}&#8221;][et_pb_row column_structure=&#8221;1_3,1_3,1_3&#8243; custom_padding_last_edited=&#8221;on|tablet&#8221; _builder_version=&#8221;4.19.2&#8243; _module_preset=&#8221;default&#8221; custom_padding_tablet=&#8221;||0px||false|false&#8221; custom_padding_phone=&#8221;||0px||false|false&#8221; global_colors_info=&#8221;{}&#8221;][et_pb_column type=&#8221;1_3&#8243; _builder_version=&#8221;4.19.2&#8243; _module_preset=&#8221;default&#8221; background_color=&#8221;#FFFFFF&#8221; custom_padding=&#8221;20px|20px|20px|20px|true|true&#8221; border_radii=&#8221;on|15px|15px|15px|15px&#8221; global_colors_info=&#8221;{}&#8221;][et_pb_image src=&#8221;https:\/\/asociaciondeprofesionalesacademicos.org\/wp-content\/uploads\/2023\/08\/shutterstock_1689338029-1.jpg.webp&#8221; title_text=&#8221;shutterstock_1689338029-1.jpg&#8221; align=&#8221;center&#8221; _builder_version=&#8221;4.22.0&#8243; _module_preset=&#8221;default&#8221; background_color=&#8221;#F8FAFB&#8221; max_height=&#8221;200px&#8221; custom_padding=&#8221;20px|20px|20px|20px|true|true&#8221; global_colors_info=&#8221;{}&#8221;][\/et_pb_image][et_pb_text _builder_version=&#8221;4.21.2&#8243; _module_preset=&#8221;d9e4f70a-bb09-4cfc-8cc2-8235f1c2c8ff&#8221; custom_margin=&#8221;||0px||false|false&#8221; global_colors_info=&#8221;{}&#8221;]<\/p>\n<h3>Sala virtual de Conferencias<\/h3>\n<p>[\/et_pb_text][et_pb_text _builder_version=&#8221;4.21.2&#8243; _module_preset=&#8221;d0b991cd-408b-4236-a7dc-00087afbcb88&#8243; global_colors_info=&#8221;{}&#8221;]<\/p>\n<p>Eventos gratuitos<\/p>\n<p>[\/et_pb_text][et_pb_text _builder_version=&#8221;4.19.2&#8243; _module_preset=&#8221;04b4a5d7-6ea9-4eac-a566-e89f3e845e04&#8243; global_colors_info=&#8221;{}&#8221;]<\/p>\n<p>Si te registraste en alguno de nuestros eventos, desde este ac\u00e1 podr\u00e1s ver la conferencia virtual. No necesitas tener ninguna aplicaci\u00f3n instalada, utilizamos herramientas inform\u00e1ticas de vanguardia integradas a nuestro sitio web para brindar una mejor experiencia educativa.<\/p>\n<p>[\/et_pb_text][et_pb_button button_url=&#8221;https:\/\/asociaciondeprofesionalesacademicos.org\/index.php\/salon-de-conferencias-virtuales\/&#8221; button_text=&#8221;Ingresar a la Sala&#8221; _builder_version=&#8221;4.21.2&#8243; _module_preset=&#8221;default&#8221; custom_button=&#8221;on&#8221; button_text_color=&#8221;#0C71C3&#8243; global_colors_info=&#8221;{}&#8221;][\/et_pb_button][\/et_pb_column][et_pb_column type=&#8221;1_3&#8243; _builder_version=&#8221;4.19.2&#8243; _module_preset=&#8221;default&#8221; background_color=&#8221;#FFFFFF&#8221; custom_padding=&#8221;20px|20px|20px|20px|true|true&#8221; border_radii=&#8221;on|15px|15px|15px|15px&#8221; global_colors_info=&#8221;{}&#8221;][et_pb_image src=&#8221;https:\/\/asociaciondeprofesionalesacademicos.org\/wp-content\/uploads\/2023\/08\/Webp.net-resizeimage-18.jpg&#8221; title_text=&#8221;Webp.net-resizeimage-18&#8243; align=&#8221;center&#8221; _builder_version=&#8221;4.22.0&#8243; _module_preset=&#8221;default&#8221; background_color=&#8221;#F8FAFB&#8221; max_height=&#8221;200px&#8221; custom_padding=&#8221;20px|20px|20px|20px|true|true&#8221; locked=&#8221;off&#8221; global_colors_info=&#8221;{}&#8221;][\/et_pb_image][et_pb_text _builder_version=&#8221;4.21.2&#8243; _module_preset=&#8221;d9e4f70a-bb09-4cfc-8cc2-8235f1c2c8ff&#8221; custom_margin=&#8221;||0px||false|false&#8221; global_colors_info=&#8221;{}&#8221;]<\/p>\n<h3>Sala virtual de \u00a0 \u00a0 \u00a0 \u00a0 \u00a0 Alumnos<\/h3>\n<p>[\/et_pb_text][et_pb_text _builder_version=&#8221;4.21.2&#8243; _module_preset=&#8221;d0b991cd-408b-4236-a7dc-00087afbcb88&#8243; global_colors_info=&#8221;{}&#8221;]<\/p>\n<p>EVENTOS PAGADOS<\/p>\n<p>[\/et_pb_text][et_pb_text _builder_version=&#8221;4.21.2&#8243; _module_preset=&#8221;04b4a5d7-6ea9-4eac-a566-e89f3e845e04&#8243; global_colors_info=&#8221;{}&#8221;]<\/p>\n<p style=\"text-align: justify;\">Si te inscribiste a nuestros cursos de preparaci\u00f3n de privado, repasos o diplomados, podr\u00e1s ingresar desde ac\u00e1 a tus clases. No necesitas tener ninguna aplicaci\u00f3n instalada, utilizamos herramientas inform\u00e1ticas de vanguardia integradas a nuestro sitio web para brindar una mejor experiencia educativa.\u00a0<\/p>\n<p>[\/et_pb_text][et_pb_button button_url=&#8221;https:\/\/asociaciondeprofesionalesacademicos.org\/index.php\/clases-virtuales\/&#8221; button_text=&#8221;Ingresar a la Sala&#8221; _builder_version=&#8221;4.22.0&#8243; _module_preset=&#8221;default&#8221; custom_button=&#8221;on&#8221; button_text_color=&#8221;#0C71C3&#8243; global_colors_info=&#8221;{}&#8221;][\/et_pb_button][\/et_pb_column][et_pb_column type=&#8221;1_3&#8243; _builder_version=&#8221;4.19.2&#8243; _module_preset=&#8221;default&#8221; background_color=&#8221;#FFFFFF&#8221; custom_padding=&#8221;20px|20px|20px|20px|true|true&#8221; border_radii=&#8221;on|15px|15px|15px|15px&#8221; global_colors_info=&#8221;{}&#8221;][et_pb_image src=&#8221;https:\/\/asociaciondeprofesionalesacademicos.org\/wp-content\/uploads\/2023\/09\/IMG_1858-2.jpg&#8221; title_text=&#8221;IMG_1858 2&#8243; _builder_version=&#8221;4.22.1&#8243; _module_preset=&#8221;default&#8221; global_colors_info=&#8221;{}&#8221;][\/et_pb_image][et_pb_text _builder_version=&#8221;4.21.2&#8243; _module_preset=&#8221;d9e4f70a-bb09-4cfc-8cc2-8235f1c2c8ff&#8221; custom_margin=&#8221;||0px||false|false&#8221; global_colors_info=&#8221;{}&#8221;]<\/p>\n<h3>LexTube<\/h3>\n<p>[\/et_pb_text][et_pb_text _builder_version=&#8221;4.22.1&#8243; _module_preset=&#8221;d0b991cd-408b-4236-a7dc-00087afbcb88&#8243; global_colors_info=&#8221;{}&#8221;]<\/p>\n<p>Biblioteca de Videos<\/p>\n<p>[\/et_pb_text][et_pb_text _builder_version=&#8221;4.22.1&#8243; _module_preset=&#8221;04b4a5d7-6ea9-4eac-a566-e89f3e845e04&#8243; global_colors_info=&#8221;{}&#8221;]<\/p>\n<p style=\"text-align: justify;\">Contamos con nuestro propio canal de videos acad\u00e9micos y educativos al cual pueden acceder nuestros alumnos inscritos a los distintos cursos de pago. Lo mejor es que el alumno puede verlos desde cualquier dispositivo (celular, tablet o computadora) y ademas los videos est\u00e1n segmentados para que puedan ir a los temas mas relevantes de cada sesi\u00f3n o clase.<\/p>\n<p>[\/et_pb_text][et_pb_button button_url=&#8221;asociaciondeprofesionalesacademicos.org\/index.php\/lextube\/&#8221; button_text=&#8221;Ingresar a LexTube&#8221; _builder_version=&#8221;4.22.2&#8243; _module_preset=&#8221;default&#8221; custom_button=&#8221;on&#8221; button_text_color=&#8221;#0C71C3&#8243; hover_enabled=&#8221;0&#8243; global_colors_info=&#8221;{}&#8221; sticky_enabled=&#8221;0&#8243;][\/et_pb_button][\/et_pb_column][\/et_pb_row][\/et_pb_section]<\/p>\n","protected":false},"excerpt":{"rendered":"<p>Academia VirtualUn espacio donde podr\u00e1s inscribirte y recibir desde nuestros salones virtuales conferencias, debates, cursos de preparaci\u00f3n de privado y otras actividades organizadas por nuestra ASOCIACION DE PROFESIONALES ACADEMICOS -APA-Sala virtual de ConferenciasEventos gratuitosSi te registraste en alguno de nuestros eventos, desde este ac\u00e1 podr\u00e1s ver la conferencia virtual. No necesitas tener ninguna aplicaci\u00f3n instalada, [&hellip;]<\/p>\n","protected":false},"author":1,"featured_media":0,"parent":0,"menu_order":0,"comment_status":"closed","ping_status":"closed","template":"","meta":{"_et_pb_use_builder":"on","_et_pb_old_content":"","_et_gb_content_width":"","footnotes":""},"class_list":["post-320","page","type-page","status-publish","hentry"],"_links":{"self":[{"href":"https:\/\/asociaciondeprofesionalesacademicos.org\/index.php\/wp-json\/wp\/v2\/pages\/320","targetHints":{"allow":["GET"]}}],"collection":[{"href":"https:\/\/asociaciondeprofesionalesacademicos.org\/index.php\/wp-json\/wp\/v2\/pages"}],"about":[{"href":"https:\/\/asociaciondeprofesionalesacademicos.org\/index.php\/wp-json\/wp\/v2\/types\/page"}],"author":[{"embeddable":true,"href":"https:\/\/asociaciondeprofesionalesacademicos.org\/index.php\/wp-json\/wp\/v2\/users\/1"}],"replies":[{"embeddable":true,"href":"https:\/\/asociaciondeprofesionalesacademicos.org\/index.php\/wp-json\/wp\/v2\/comments?post=320"}],"version-history":[{"count":16,"href":"https:\/\/asociaciondeprofesionalesacademicos.org\/index.php\/wp-json\/wp\/v2\/pages\/320\/revisions"}],"predecessor-version":[{"id":445,"href":"https:\/\/asociaciondeprofesionalesacademicos.org\/index.php\/wp-json\/wp\/v2\/pages\/320\/revisions\/445"}],"wp:attachment":[{"href":"https:\/\/asociaciondeprofesionalesacademicos.org\/index.php\/wp-json\/wp\/v2\/media?parent=320"}],"curies":[{"name":"wp","href":"https:\/\/api.w.org\/{rel}","templated":true}]}}